the tens digit of w?
1
Suppose 3 = -4*m - 5*p, 4*m + 2*p + 2 = -16. Let s(y) = -y - 8. Let h be s(m). Let q(b) = -13*b**3 - b**2 + 1. What is the tens digit of q(h)?
1
What is the units digit of (-105)/(-2) + 1 + 20/40?
4
What is the units digit of 328/11 + 6/33?
0
Let c(j) = j**3 - 18*j**2 - 18*j - 26. Let p be c(19). Suppose 0 = 2*w - 6*w + 8. Let d = w - p. What is the units digit of d?
9
Let q(l) = -2*l - 6. What is the units digit of q(-7)?
8
Let n be 1 + (-1)/2*-14. Let b(d) = -d**3 + 8*d**2 + d - 5. What is the units digit of b(n)?
3
What is the hundreds digit of 252 + (0 - (3 - 8))?
2
Suppose 0 = -2*b + 4*u + 136, 0*u - 3 = -u. What is the units digit of b?
4
Suppose 3*w - 4*w + 2 = 0, -5*g + 4 = -3*w. What is the units digit of g/8 + (-138)/(-24)?
6
Suppose -5*r = -23 - 17. Let p = 1 - 1. Let s = r - p. What is the units digit of s?
8
Suppose 95 = 5*g - 330. Let x = g - 36. What is the tens digit of x?
4
Let u = -35 + 49. Let y = u - 9. Suppose x = -y*l - 12 + 4, 9 = -3*l. What is the units digit of x?
7
Suppose 19*l - 700 = 14*l. What is the tens digit of l?
4
Let k(m) = 3*m - 9. Let x(r) = r. Let v(h) = -k(h) + 2*x(h). What is the units digit of v(8)?
1
Let j(s) = 5*s - 6. Let r(t) = 9*t - 11. Let p(x) = -11*j(x) + 6*r(x). What is the units digit of p(-3)?
3
Suppose 5*m + 2*i - 232 = m, 5*m - i = 283. What is the units digit of m?
7
Let g(c) = c + 7. Let u be g(-5). Suppose -13 = 3*y + 5*z, 4*y + u = 2*z + 28. Suppose -y*b = -b - 24. What is the units digit of b?
8
Let z = -27 + 50. Suppose z = d + 2. What is the units digit of d?
1
Let b(n) = -17*n + 4. Let u be b(2). What is the units digit of -3 + 0 - (u + 4)?
3
Suppose u = 2*v - 45, -5*v + 78 = -3*u - 33. What is the tens digit of v?
2
Let k = 42 + -18. Suppose -k = -3*x + x. Suppose 0*q = -2*q + x. What is the units digit of q?
6
Suppose 2*d = -l + 1, 2*d + 3*d - 25 = 5*l. Let n be d/(-6) - 34/6. What is the tens digit of (3/n)/(3/(-72))?
1
Let o(a) = -22*a + 3. Let j be o(1). Let z = j + 60. What is the units digit of z?
1
Let m = 0 - -10. Suppose 8*q - m*q = -12. What is the units digit of q?
6
Suppose -4*y + 3*j + 42 = 0, 26 = 5*y - 5*j - 24. Let a be 3*(-2)/y*2. Let c = 8 - a. What is the units digit of c?
9
Suppose 360 = -x + 7*x. What is the tens digit of x?
6
Suppose 5*s + 2*v + 41 - 147 = 0, -4*v = 3*s - 72. Suppose 3*y - 5 = 2*f - 20, -f - 4*y = s. Suppose 0 = 4*b - f*b - 20. What is the units digit of b?
5
Suppose 3*a + 9 - 24 = -3*r, -a = -5*r - 29. Let s(t) = -t**2 + 9*t + 5. Let g be s(a). Suppose -2*d + 36 = 3*d - 2*n, -10 = -g*n. What is the units digit of d?
8
Suppose -5*l + 3*g = 7*g - 30, -4*l = 4*g - 28. Let c = -1 + 0. What is the units digit of c/l - (-186)/12?
5
Suppose 2*z + 366 = 7*z + 4*p, -370 = -5*z - 5*p. Suppose z = 5*m - 155. What is the units digit of m?
5
Suppose -3*d + 226 = 2*l, d - l = 32 + 45. What is the tens digit of d?
7
Let p be (-279)/(-5) - 2/(-10). Suppose -v = v - p. Suppose -3*i - v = -7*i. What is the units digit of i?
7
Let h(u) = -u + 5. Let t be (-490)/63 + (-2)/9. What is the units digit of h(t)?
3
Let t = -76 + 110. Let v be (-3)/(-2)*1*4. What is the units digit of (-2)/3 + t/v?
5
Let v(q) = -3*q - 5. Let h be v(-5). Let i(j) be the first derivative of -j**2/2 + 19*j + 2. What is the units digit of i(h)?
9
Suppose -109 = -4*g + 23. What is the tens digit of g?
3
What is the hundreds digit of (-3 - 3/(-3))*(-274)/4?
1
Let o = 83 - 35. Suppose 5*i + 3 - o = 0. What is the units digit of 10/45 - (-61)/i?
7
Let l be 1 + (-42)/(-3 - -6). Let q = l - -18. What is the units digit of (-1 - 3/(-3)) + q?
5
Let d(n) = -n**3 - 7*n**2 + 4*n. Let x(c) = c. Let j(y) = 2*y + 3. Let i be j(-4). Let o(g) = i*x(g) + d(g). What is the units digit of o(-7)?
7
Suppose 3*g + g = -q + 26, -5*q + 100 = 5*g. What is the units digit of q?
8
Let n(z) = -z**3 + 12*z**2 - 10*z - 3. Suppose -2*s - 3 + 13 = 0. Suppose s*b + 3*l = 40, l = 5*b - 66 + 6. What is the units digit of n(b)?
8
Let y(b) = -2*b. Suppose 0 = -0*j + 4*j + 20. What is the units digit of y(j)?
0
What is the tens digit of 4 - (-49 - 1) - -4?
5
Let s(v) = v**3 - 5*v**2 + 5*v + 7. What is the tens digit of s(5)?
3
Let l(q) = -q - 8. Let a be l(-7). What is the units digit of (18/30)/(a/(-5))?
3
What is the tens digit of ((-4)/(-6))/((-4)/(-690))?
1
Suppose 2*f + 4 = 6*f. Suppose 6*p - 3*p - 60 = 0. What is the tens digit of (f/(2/p))/1?
1
What is the tens digit of 12/(-4) - (-2 + -19)?
1
Let p(d) = d**2 + 11*d + 13. Let x be p(-9). What is the units digit of x*((-8)/(-10))/(-1)?
4
Let l(v) = -v**3 - 7*v**2 - 5*v - 3. What is the units digit of l(-7)?
2
Let u be (-255)/(-9) - (-4)/6. Let w be (-103)/5 + (-6)/15. Let o = w + u. What is the units digit of o?
8
Let p = 110 - -19. What is the tens digit of p?
2
Suppose 3*b = -3*k + 18, -7*b = -3*b - k - 4. Let z(u) = 2*u**2 - 3*u + 1. Let n be z(b). Let d = 3 + n. What is the units digit of d?
6
What is the units digit of (-12)/(-4) + 339 - -6?
8
Suppose 10 = -3*k + 5*k. Suppose -k*n = -0*n + 20. What is the units digit of n/(3/9 - 1)?
6
Suppose 5*y + 24 = 194. What is the units digit of y?
4
Suppose 10*j - 6 = 5*j + 3*p, 4*p - 21 = -3*j. Let x(u) = u**3 - 5*u**2 - 2*u + 7. Let z be x(5). Let b = j - z. What is the units digit of b?
6
Let h(d) = -d**2 - 13*d - 1. Let c(j) = -j**3 - 5*j**2 - j. Let m be c(-4). What is the tens digit of h(m)?
1
Suppose 5*t - 9 = 6. Suppose -h - 2*n = 14, -t*h - n + 13 = 30. What is the units digit of 30/9 - h/6?
4
Let l(n) = -8*n - 6. What is the tens digit of l(-6)?
4
Let q(l) = -l**2 + 4 - 1 - 5*l + 0*l**2. What is the units digit of q(-5)?
3
Let m = 457 + -280. What is the hundreds digit of m?
1
Let c be (1 - (0 + 0)) + 1. Let z(y) = -4*y + 5*y**2 + 2*y**c + 1 - 3*y**2 + 1. What is the tens digit of z(2)?
1
Suppose 5*f - 6 - 14 = 0. Let o be f*1 - (1 + 1). Let t(b) = b**3 - b**2 + 2*b - 2. What is the units digit of t(o)?
6
What is the tens digit of (-4 + 0)/(4/(-16))?
1
Suppose 0 = 5*h - 2*j - 15 - 31, 3*j - 56 = -5*h. Let g = -3 + h. Let a = g + 1. What is the units digit of a?
8
Let w(z) = 33*z**2 + 2*z - 1. Let h be w(1). Suppose -3*j + h = 1. Let c = j + -7. What is the units digit of c?
4
What is the units digit of -1 - -28 - 26/13?
5
Let s be ((-4)/6)/((-4)/18). Suppose -2*u - 3*w = -16, -2*u + s*w = -2*w. What is the units digit of u?
5
What is the tens digit of ((-126)/8 + -3)/((-1)/4)?
7
What is the tens digit of (-1)/5 - 122/(-10)?
1
Suppose 13 = 3*t + 2*p + 2, 0 = -4*t - 5*p + 3. Suppose -2*m - 2*d - 22 = 0, 0*m + m + t = 3*d. Let g(f) = -f + 1. What is the units digit of g(m)?
1
Let r(a) be the second derivative of 1/12*a**4 - 5/6*a**3 + 0 - 5*a**2 - a. What is the units digit of r(7)?
4
Let b(d) = d**3 + 2*d + 25. Let h be b(0). Let z(q) = 3*q - 1. Let t be z(4). Let k = h - t. What is the tens digit of k?
1
What is the tens digit of (11/2)/((-2)/(-4))?
1
Suppose 11 = g + 2. Let k be (g - (-2 + -1)) + 1. Let z = k - -6. What is the tens digit of z?
1
Let m = 320 + -41. What is the hundreds digit of m?
2
Let b(d) = 10*d - 6. Let r(s) = -3*s + 2. Let a(w) = -4*b(w) - 14*r(w). What is the tens digit of a(7)?
1
Suppose 2*h + 12 = 2*j, -5*h - 24 = -3*j - 0*h. Suppose j*b + 0*b + 11 = 2*i, i - 3*b = 4. What is the units digit of i?
7
Let q(k) = -27*k - 14. What is the hundreds digit of q(-6)?
1
Suppose -4*s - 5*q - 21 = -2*q, 5*s - q = -31. Let z = -2 - s. What is the units digit of z?
4
What is the units digit of (13 - (-1 - -3))*1?
1
Let d = 29 - 59. Let i = -24 - d. What is the units digit of i?
6
Let v = 873 + -494. What is the hundreds digit of v?
3
Suppose -679 = -5*b - 3*p + 256, -5*b + 4*p = -935. What is the tens digit of b?
8
Let h(f) = 4*f**2 + 8*f + 1. Let o(u) = 5*u**2 + 9*u + 1. Let m(p) = 4*h(p) - 3*o(p). Let b be m(-5). Let q = b - -5. What is the units digit of q?
6
Let g be (-2)/3*(-12)/(-8). What is the units digit of ((-21)/(-1)*g)/(-1)?
1
Suppose 1 = 2*a - 9. Suppose a*u = -10 + 70. What is the units digit of (-8)/u + (-16)/(-6)?
2
Let x(f) = -f - 1. Let o be x(-2). Suppose -o = 2*r - 9. Suppose -2*h - 10 = -r*h. What is the units digit of h?
5
Let v = 48 + 27. What is the tens digit of v?
7
Let v = 524 + -178. What is the hundreds digit of v?
3
Let a be 63/28*2*-2. Let h(w) be 